(i). Let r(f) = -5*f - 7. What is the tens digit of r(b)?
2
Suppose w + 177 = s, 0 = 5*w - 3*w - s + 355. What is the units digit of 52/(-12) - (-2)/6 - w?
4
Let c be (0/3)/(2 - 6). Suppose c = -0*j - j + 4. What is the tens digit of (34/j)/(2/20)?
8
Suppose 148*f = -2*n + 151*f + 81757, 0 = n + 2*f - 40903. What is the tens digit of n?
8
Let o(r) = -r**3 - 2*r + 4325. What is the units digit of o(0)?
5
Let c = 51 + -67. Let j = -10 - c. Suppose 173 - 647 = -j*o. What is the units digit of o?
9
Let d = -154 + 159. Suppose 314 = s + 5*q, 937 = d*s - 2*q - 687. What is the units digit of s?
4
Let v(g) = g**3 + 2*g**2 - 2*g + 1035. Suppose i - 3 = r, -5 - 4 = -5*i + 3*r. What is the thousands digit of v(i)?
1
Let q be 1*(1 - 0) - 4/2. Let a = q - -1. Suppose p + z = -a*z + 7, 3*p - 3*z = 27. What is the units digit of p?
8
Suppose -4*s + q = -0 + 637, -4*s = -2*q + 634. Let r = -25 - -15. What is the tens digit of 4/r + (-2464)/s?
1
Suppose 0*o + 185 = 5*o. Let m = -25 + o. Suppose -m*u - 146 = -14*u. What is the units digit of u?
3
Let g(k) = 29*k**2 - 77*k + 300. What is the tens digit of g(15)?
7
Suppose -233*r - 2436 = -239*r. Let h = r + 633. What is the units digit of h?
9
Let l(o) = -876*o + 10793. What is the thousands digit of l(-26)?
3
Let r = -418 + 434. Suppose m - 2 = -3*y + 8, 0 = -m - y + r. What is the tens digit of m?
1
Let p(j) = -6*j**2 + 9*j + 11. Let b(v) = -13*v**2 + 20*v + 22. Let z(d) = 2*b(d) - 5*p(d). What is the units digit of z(-11)?
8
Let z(p) = 738*p**2 + 27*p + 12. What is the hundreds digit of z(3)?
7
Let g(x) = -x**2 - 5*x + 4. Let t be g(-5). Suppose -5*m + 105 = 2*w, -t*m = -2*w - 20 - 82. What is the units digit of (-22)/(-4)*(-9 + m)?
7
Suppose -37*u = -36*u + t - 18920, 5*u - 94594 = -4*t. What is the ten thousands digit of u?
1
Let r(t) = t**3 - 4*t**2 + 5*t - 29. Let i be r(4). What is the hundreds digit of (37 - 16)*(-120)/i?
2
Let k = -48197 - 2362. What is the hundreds digit of (k/(-171))/(((-2)/1)/(-6))?
8
Let x be 2*(-5*(-1 + 2))/2. Let y = 10 + x. Suppose -y*q + 15 = 0, 2*v + 6*q = 4*q + 78. What is the units digit of v?
6
Suppose -336891 + 540704 = 90*v - 1053487. What is the units digit of v?
0
What is the tens digit of 2/((-16)/20)*(-85 - 10609)?
3
Suppose 151072 = 101*p - 209498. What is the hundreds digit of p?
5
Let n = -259 + 283. Suppose 0 = -37*d - n*d + 67710. What is the units digit of d?
0
Suppose -7*m + 4*m = -15. Suppose -m*a + 170 = -0*a. Suppose 4*h = -3*t + 2*h + a, 3*t - 35 = -h. What is the tens digit of t?
1
Let n = -77 + 267. Suppose 0 = 3*x - 4*x + 4*r - 38, n = -5*x - r. What is the units digit of (x/4)/(5/(-70))?
3
Suppose -92*j + 156 = -98*j. What is the hundreds digit of (382 - 0) + j + 22?
3
Let n = 217 - -6098. What is the thousands digit of n?
6
Let k = -89 - -37. Let r be (-4)/(-1) - (-980)/14. Let n = k + r. What is the units digit of n?
2
Let x = 13498 - 7078. What is the hundreds digit of x?
4
Let m be ((-1 + -1)/(-2))/((-1)/(-9)). What is the units digit of -6*2/(-8)*84/m?
4
Let v be (-13)/((-78)/16)*498. Let l = v - 273. What is the units digit of l?
5
What is the tens digit of 30/(-80) - (-105238)/16?
7
Let r = -8852 + 21649. What is the hundreds digit of r?
7
Let i = 1847 + 6903. What is the units digit of i?
0
Suppose 1 = 5*i - 19. Suppose -i*u + b - 13 = -4*b, 3*b = -4*u - 5. What is the units digit of (-54)/u*-20*(-8)/48?
0
Suppose -4*s - 5*b - 15 = -8*s, -2*s + 4*b + 12 = 0. What is the units digit of 2 + 0 - (3 - s) - -118?
7
Suppose 0 = -i + 1, 20*i = -3*k + 15*i + 15062. What is the hundreds digit of k?
0
Suppose 0 = -4*b - 33 - 95. Let j = b + 37. Suppose -32 + j = -f. What is the tens digit of f?
2
Let z be 228 + -2 + 0 + 2 + 0. Let x = 509 + z. Suppose -a + 1 = 0, 2*t = -3*t + 3*a + x. What is the hundreds digit of t?
1
Let a(q) = -q. Let i be a(4). Suppose -44*w = 849 + 3375. Let c = i - w. What is the units digit of c?
2
Suppose 0 = 2*o - 11*j + 6*j - 31540, 0 = 5*o + 2*j - 78908. What is the ten thousands digit of o?
1
Let i(z) = 26*z + 49. Suppose -3*t = -t + 3*n + 6, 5*t + 4*n + 8 = 0. Suppose 0*p = 2*g - 3*p - 9, t = g + 5*p - 11. What is the hundreds digit of i(g)?
2
Suppose 3*i - 69909 = 4*q + 22200, -8*q - 61438 = -2*i. What is the hundreds digit of i?
6
Let y = 22 - 25. Let g be 5960/16 + y/(-2). Suppose -5*x + g = -386. What is the tens digit of x?
5
Let p = 139 - 226. Let z = -71 - p. What is the tens digit of 5*z/(-280) + (-1402)/(-7)?
0
Let q = 357 - 84. Let d = 333 + q. What is the tens digit of d?
0
Let q(x) = 11 - 2 - 1 - 32*x + 121*x. Let p be q(4). Suppose -3*z + l + p = 0, z + 2*z + l = 368. What is the hundreds digit of z?
1
Let i = 67 - 56. Suppose -q - 2020 = -i*q. What is the hundreds digit of q?
2
Let x = 49 + -45. Suppose x*t = -c - 27 - 87, 4*t = -3*c - 118. Let m = 42 + t. What is the units digit of m?
4
Suppose 2*p - 3593 = -3*j, -2*p + 630 = -j - 2967. What is the thousands digit of p?
1
Suppose 0 = 5*v + 16 + 34. Let z be -2 + ((-36)/v)/(24/300). Let f = z + -14. What is the tens digit of f?
2
Let v(q) = q**2 + 76*q + 17. Let y be v(-36). What is the hundreds digit of 15/20*-4*y/3?
4
Suppose -6*z - 68 = -668. Suppose -24*n = -25*n + z. What is the hundreds digit of n?
1
Suppose -4431 = -10*i + 819. Suppose 15*u - 525 = i. What is the units digit of u?
0
Suppose -215 = -3*v + 2*v. Let i = v - -187. Suppose 5*t + 2*h = i, 3*t + h - 6*h - 266 = 0. What is the tens digit of t?
8
Let b(m) = -m**3 + 6*m**2 + 2*m + 42. Let d be b(7). What is the units digit of -2*(d + 7581/(-14))?
9
What is the units digit of (8 + -4 + -19)/((52/4360)/(-13))?
0
Suppose -f + 4*f = -3*l + 21, 5*f = 2*l + 21. Suppose 5*g - 1190 = -l*r, 0*r + 585 = r + 5*g. Suppose -23*c = -18*c - r. What is the tens digit of c?
2
Let q = -17 - -27. Let r(z) = -27*z**3 - 10*z**2 + 14*z**3 + 14*z**3 + 13 + 6*z. What is the tens digit of r(q)?
7
Let i be (-325)/(-39)*(12/20 + 0). Suppose -2*z + 1127 = i*s - 5483, -2*s + 2630 = -2*z. What is the tens digit of s?
2
Let m(x) = 3*x + 10. Let v be m(-2). Suppose -2508 = -v*c - 7*c. Suppose 7*q = c + 444. What is the units digit of q?
6
Let u be (3 + -7)*((-7)/4)/7. Suppose -u = -k, -k - 432 - 539 = -4*s. What is the tens digit of s?
4
Suppose -82758 = -3*s + 3*t, -8*s - 4*t + 82800 = -5*s. What is the ten thousands digit of s?
2
Let p be (-8 + 19)/22 - (-2)/(-4). Suppose p = -2*a + 3*g + 114, -13*g = 5*a - 11*g - 323. What is the units digit of a?
3
Suppose 6*r + 15*r = r + 335860. What is the ten thousands digit of r?
1
Suppose -17 + 14 = -c. Suppose 0*p = -c*i - 5*p + 753, 0 = -i + 3*p + 237. Let y = i + -136. What is the units digit of y?
0
Suppose 68 = 2*z - 2*p, -121 - 37 = -5*z - p. Let b(y) = 10*y + 132. What is the tens digit of b(z)?
5
Suppose 6*p = 3*p - 15. Let q(x) = -3*x**3 - 4*x**2 - 4*x - 22. Let t be q(p). Suppose -t = -0*w - 3*w. What is the tens digit of w?
9
Let u = -5587 - -15490. What is the units digit of u?
3
Let f(d) = -1078*d - 1211. What is the thousands digit of f(-45)?
7
Let v be ((-8)/(-2))/(-1) - 477. Let f = v + 936. Let y = f - 228. What is the units digit of y?
7
Let x be ((-20)/8)/((-2)/(-4)). Let b(g) = -4375*g + 4366*g - 3 - 6. What is the units digit of b(x)?
6
Suppose 2*c - 15 = -4*b + 27, -5*b + 58 = -3*c. Suppose -b*d + 45 = -10*d. What is the units digit of d?
5
Suppose -7*w - 21324 + 173672 = 0. What is the units digit of w?
4
Let n(j) = 2*j**3 + 23*j**2 - 12*j + 11. Let u be n(-12). Let b(g) = g**2 + 8*g - 124. What is the tens digit of b(u)?
8
Suppose -114 - 291 = -15*r. Suppose -r*h + 2056 = -23*h. What is the hundreds digit of h?
5
Let z = -15 + 24. Suppose -59 = -0*w - 4*w - 5*y, -3*y = -z. Let s = w - -10. What is the units digit of s?
1
Let w = -4336 + 7320. What is the thousands digit of w?
2
Let b(r) = r**2 + 3*r - 13. Let z be b(-6). Let d be (-2)/(-4)*56 + z. Suppose -636 = d*u - 37*u. What is the tens digit of u?
5
Let x = 20 - 30. Suppose 0 = -3*t - 4*s + 16, 18 = 7*t - 2*t - 2*s. What is the units digit of 155/x*t*-1?
2
Let j = 1677 + -836. Let w = j + -464. What is the hundreds digit of w?
3
Let i = -159 + 153. What is the tens digit of 69 + 1*3*(-2)/i?
7
Let y(d) = d**2 + 3*d + 77. Let h be y(0). Suppose 19 = 5*o - 3*b, -2*b - 3 = -7. Suppose 4*g = o*g - h. What i